{"id":83,"date":"2015-11-17T05:55:28","date_gmt":"2015-11-17T04:55:28","guid":{"rendered":"http:\/\/www.cliniquemamao.pf\/?page_id=83"},"modified":"2018-02-10T15:26:14","modified_gmt":"2018-02-11T01:26:14","slug":"classification-polynesienne-des-actes-medicaux","status":"publish","type":"page","link":"https:\/\/www.cliniquemamao.pf\/?page_id=83","title":{"rendered":"Classification Polyn\u00e9sienne des Actes M\u00e9dicaux"},"content":{"rendered":"<p>Depuis le 1er avril 2014, la cotation et la facturation des actes m\u00e9dicaux des sp\u00e9cialistes est faite moyennant la\u00a0<a href=\"http:\/\/www.cps.pf\/espace-professionnel-de-sante\/medecin\/exercer-au-quotidien\/nomenclature-et-codage\/listes-des-codes-cpam\">nouvelle nomenclature\u00a0CPAM<\/a>\u00a0(Classification Polyn\u00e9sienne des Actes M\u00e9dicaux).<\/p>\n<p>En effet, l\u2019<a href=\"http:\/\/www.lexpol.pf\/LexpolAfficheTexte.php?texte=351637\">Arr\u00eat\u00e9 n\u00b045 CM du 18 janvier 2012<\/a>\u00a0de Polyn\u00e9sie Fran\u00e7aise, impose que la nomenclature actuelle de sant\u00e9 bas\u00e9e sur le mode de la\u00a0<a href=\"http:\/\/www.ameli.fr\/professionnels-de-sante\/infirmiers\/exercer-au-quotidien\/ngap-et-lpp\/index.php\">NGAP<\/a>\u00a0(Nomenclature G\u00e9n\u00e9rale des Actes Professionnels) \u00a0soit remplac\u00e9e par la\u00a0<a href=\"http:\/\/www.ameli.fr\/accueil-de-la-ccam\/index.php\">CCAM<\/a>\u00a0(Classification Commune des Actes M\u00e9dicaux) adapt\u00e9e au pays (pour son franc pacifique) devenant ainsi la CPAM (Classification Polyn\u00e9sienne des Actes M\u00e9dicaux).<\/p>\n<p>Ce texte a \u00e9t\u00e9 promulgu\u00e9 et rendu applicable au 1er avril 2014 par l\u2019<a href=\"http:\/\/lexpol.cloud.pf\/document.php?document=314811&amp;deb=4592&amp;fin=4599&amp;titre=QXJyw6p0w6kgbsKwIDUyMSBDTSBkdSAyNy8wMy8yMDE0\">arr\u00eat\u00e9 N.521 CM<\/a>\u00a0du 27 Mars 2014.<\/p>\n<p>La Clinique Ambulatoire permet, \u00e0 travers son\u00a0outil de gestion H\u00e9lo\u00efse, \u00e0 ses m\u00e9decins de r\u00e9pondre aux exigences conventionnelles.<\/p>\n<p>La mise en \u0153uvre de la CPAM incarne une authentique r\u00e9volution\u00a0:<\/p>\n<ol>\n<li>le codage des actes par le m\u00e9decin (on compte aujourd\u2019hui plus de 12800 codes),<\/li>\n<li>la mise \u00e0 jour des logiciels informatiques pour une facturation (et une t\u00e9l\u00e9transmission \u00e0 la CPS) en CPAM, suivant la version 31 de la nomenclature.<\/li>\n<\/ol>\n<p>Le syst\u00e8me de gestion H\u00e9lo\u00efse permet une facturation efficace et juste, qui respecte les contraintes de mise en oeuvre d\u2019une nomenclature m\u00e9tropolitaine sur le territoire (probl\u00e8mes d\u2019arrondis, et formats sp\u00e9cifiques de la Caisse de Pr\u00e9voyance Sociales).\u00a0C\u2019est la raison pour\u00a0laquelle la Clinique Ambulatoire tout comme d\u2019autres cabinets m\u00e9dicaux, a d\u00e9cid\u00e9 de choisir H\u00e9lo\u00efse.<\/p>\n","protected":false},"excerpt":{"rendered":"<p>Depuis le 1er avril 2014, la cotation et la facturation des actes m\u00e9dicaux des sp\u00e9cialistes est faite moyennant la\u00a0nouvelle nomenclature\u00a0CPAM\u00a0(Classification Polyn\u00e9sienne des Actes M\u00e9dicaux). En effet, l\u2019Arr\u00eat\u00e9 n\u00b045 CM du 18 janvier 2012\u00a0de Polyn\u00e9sie Fran\u00e7aise, impose que la nomenclature actuelle de sant\u00e9 bas\u00e9e sur le mode de la\u00a0NGAP\u00a0(Nomenclature G\u00e9n\u00e9rale des Actes Professionnels) \u00a0soit remplac\u00e9e par &hellip; <a href=\"https:\/\/www.cliniquemamao.pf\/?page_id=83\" class=\"more-link\">Continuer la lecture<span class=\"screen-reader-text\"> de <span class=\"screen-reader-text\">Classification Polyn\u00e9sienne des Actes M\u00e9dicaux<\/span><\/span>&nbsp;<span class=\"meta-nav\">&rarr;<\/span><\/a><\/p>\n","protected":false},"author":1,"featured_media":0,"parent":0,"menu_order":0,"comment_status":"closed","ping_status":"closed","template":"","meta":{"footnotes":""},"class_list":["post-83","page","type-page","status-publish","hentry"],"_links":{"self":[{"href":"https:\/\/www.cliniquemamao.pf\/index.php?rest_route=\/wp\/v2\/pages\/83","targetHints":{"allow":["GET"]}}],"collection":[{"href":"https:\/\/www.cliniquemamao.pf\/index.php?rest_route=\/wp\/v2\/pages"}],"about":[{"href":"https:\/\/www.cliniquemamao.pf\/index.php?rest_route=\/wp\/v2\/types\/page"}],"author":[{"embeddable":true,"href":"https:\/\/www.cliniquemamao.pf\/index.php?rest_route=\/wp\/v2\/users\/1"}],"replies":[{"embeddable":true,"href":"https:\/\/www.cliniquemamao.pf\/index.php?rest_route=%2Fwp%2Fv2%2Fcomments&post=83"}],"version-history":[{"count":1,"href":"https:\/\/www.cliniquemamao.pf\/index.php?rest_route=\/wp\/v2\/pages\/83\/revisions"}],"predecessor-version":[{"id":84,"href":"https:\/\/www.cliniquemamao.pf\/index.php?rest_route=\/wp\/v2\/pages\/83\/revisions\/84"}],"wp:attachment":[{"href":"https:\/\/www.cliniquemamao.pf\/index.php?rest_route=%2Fwp%2Fv2%2Fmedia&parent=83"}],"curies":[{"name":"wp","href":"https:\/\/api.w.org\/{rel}","templated":true}]}}