{"id":57,"date":"2015-11-17T05:43:47","date_gmt":"2015-11-17T04:43:47","guid":{"rendered":"http:\/\/www.cliniquemamao.pf\/?page_id=57"},"modified":"2015-11-17T05:43:47","modified_gmt":"2015-11-17T04:43:47","slug":"le-matin-de-lintervention","status":"publish","type":"page","link":"https:\/\/www.cliniquemamao.pf\/?page_id=57","title":{"rendered":"Le matin de l&rsquo;intervention"},"content":{"rendered":"<p>Reprendre une douche \u00e0 la B\u00e9tadine scrub rouge.<\/p>\n<p>Pas de maquillage, cr\u00e8me, parfum, bijoux ou objets de valeur.<\/p>\n<p>Interdiction de manger ou boire.<\/p>\n<p>Pr\u00e9voir des v\u00eatements propres et amples facile \u00e0 mettre.<\/p>\n<p>Pr\u00e9voir des lunettes plut\u00f4t que des lentilles de contact.<\/p>\n<p>Pr\u00e9voir une aide (canne) \u00e0 la marche si vous vous faites op\u00e9rer d\u2019un membre inf\u00e9rieur.<\/p>\n","protected":false},"excerpt":{"rendered":"<p>Reprendre une douche \u00e0 la B\u00e9tadine scrub rouge. Pas de maquillage, cr\u00e8me, parfum, bijoux ou objets de valeur. Interdiction de manger ou boire. Pr\u00e9voir des v\u00eatements propres et amples facile \u00e0 mettre. Pr\u00e9voir des lunettes plut\u00f4t que des lentilles de contact. Pr\u00e9voir une aide (canne) \u00e0 la marche si vous vous faites op\u00e9rer d\u2019un membre &hellip; <a href=\"https:\/\/www.cliniquemamao.pf\/?page_id=57\" class=\"more-link\">Continuer la lecture<span class=\"screen-reader-text\"> de <span class=\"screen-reader-text\">Le matin de l&rsquo;intervention<\/span><\/span>&nbsp;<span class=\"meta-nav\">&rarr;<\/span><\/a><\/p>\n","protected":false},"author":1,"featured_media":0,"parent":0,"menu_order":0,"comment_status":"closed","ping_status":"closed","template":"","meta":{"footnotes":""},"class_list":["post-57","page","type-page","status-publish","hentry"],"_links":{"self":[{"href":"https:\/\/www.cliniquemamao.pf\/index.php?rest_route=\/wp\/v2\/pages\/57","targetHints":{"allow":["GET"]}}],"collection":[{"href":"https:\/\/www.cliniquemamao.pf\/index.php?rest_route=\/wp\/v2\/pages"}],"about":[{"href":"https:\/\/www.cliniquemamao.pf\/index.php?rest_route=\/wp\/v2\/types\/page"}],"author":[{"embeddable":true,"href":"https:\/\/www.cliniquemamao.pf\/index.php?rest_route=\/wp\/v2\/users\/1"}],"replies":[{"embeddable":true,"href":"https:\/\/www.cliniquemamao.pf\/index.php?rest_route=%2Fwp%2Fv2%2Fcomments&post=57"}],"version-history":[{"count":1,"href":"https:\/\/www.cliniquemamao.pf\/index.php?rest_route=\/wp\/v2\/pages\/57\/revisions"}],"predecessor-version":[{"id":58,"href":"https:\/\/www.cliniquemamao.pf\/index.php?rest_route=\/wp\/v2\/pages\/57\/revisions\/58"}],"wp:attachment":[{"href":"https:\/\/www.cliniquemamao.pf\/index.php?rest_route=%2Fwp%2Fv2%2Fmedia&parent=57"}],"curies":[{"name":"wp","href":"https:\/\/api.w.org\/{rel}","templated":true}]}}