{"id":45,"date":"2015-11-17T05:41:34","date_gmt":"2015-11-17T04:41:34","guid":{"rendered":"http:\/\/www.cliniquemamao.pf\/?page_id=45"},"modified":"2015-11-17T05:41:34","modified_gmt":"2015-11-17T04:41:34","slug":"les-formalites","status":"publish","type":"page","link":"https:\/\/www.cliniquemamao.pf\/?page_id=45","title":{"rendered":"Les formalit\u00e9s"},"content":{"rendered":"<p>Le jour de votre arriv\u00e9e, n\u2019oubliez pas de vous munir de\u00a0:<\/p>\n<p>Votre pi\u00e8ce d\u2019identit\u00e9,<\/p>\n<p>Votre carte CPS ou d\u2019une prise en charge de la m\u00e9decine du travail ou tout autre organisme payeur,<\/p>\n<p>Votre carnet rouge,<\/p>\n<p>Votre carte de groupe sanguin,<\/p>\n<p>Vos examens compl\u00e9mentaires,<\/p>\n<p>Votre traitement m\u00e9dical en cours avec votre ordonnance,<\/p>\n<p>Le triptyque fourni par votre employeur en cas d\u2019accident du travail,<\/p>\n<p>Un moyen de paiement (esp\u00e8ces, ch\u00e8que, cartes VISA \u2013\u00a0MC \u2013 AX et Privatives locales).<\/p>\n","protected":false},"excerpt":{"rendered":"<p>Le jour de votre arriv\u00e9e, n\u2019oubliez pas de vous munir de\u00a0: Votre pi\u00e8ce d\u2019identit\u00e9, Votre carte CPS ou d\u2019une prise en charge de la m\u00e9decine du travail ou tout autre organisme payeur, Votre carnet rouge, Votre carte de groupe sanguin, Vos examens compl\u00e9mentaires, Votre traitement m\u00e9dical en cours avec votre ordonnance, Le triptyque fourni par &hellip; <a href=\"https:\/\/www.cliniquemamao.pf\/?page_id=45\" class=\"more-link\">Continuer la lecture<span class=\"screen-reader-text\"> de <span class=\"screen-reader-text\">Les formalit\u00e9s<\/span><\/span>&nbsp;<span class=\"meta-nav\">&rarr;<\/span><\/a><\/p>\n","protected":false},"author":1,"featured_media":0,"parent":0,"menu_order":0,"comment_status":"closed","ping_status":"closed","template":"","meta":{"footnotes":""},"class_list":["post-45","page","type-page","status-publish","hentry"],"_links":{"self":[{"href":"https:\/\/www.cliniquemamao.pf\/index.php?rest_route=\/wp\/v2\/pages\/45","targetHints":{"allow":["GET"]}}],"collection":[{"href":"https:\/\/www.cliniquemamao.pf\/index.php?rest_route=\/wp\/v2\/pages"}],"about":[{"href":"https:\/\/www.cliniquemamao.pf\/index.php?rest_route=\/wp\/v2\/types\/page"}],"author":[{"embeddable":true,"href":"https:\/\/www.cliniquemamao.pf\/index.php?rest_route=\/wp\/v2\/users\/1"}],"replies":[{"embeddable":true,"href":"https:\/\/www.cliniquemamao.pf\/index.php?rest_route=%2Fwp%2Fv2%2Fcomments&post=45"}],"version-history":[{"count":1,"href":"https:\/\/www.cliniquemamao.pf\/index.php?rest_route=\/wp\/v2\/pages\/45\/revisions"}],"predecessor-version":[{"id":46,"href":"https:\/\/www.cliniquemamao.pf\/index.php?rest_route=\/wp\/v2\/pages\/45\/revisions\/46"}],"wp:attachment":[{"href":"https:\/\/www.cliniquemamao.pf\/index.php?rest_route=%2Fwp%2Fv2%2Fmedia&parent=45"}],"curies":[{"name":"wp","href":"https:\/\/api.w.org\/{rel}","templated":true}]}}