{"id":13,"date":"2015-11-17T05:34:19","date_gmt":"2015-11-17T04:34:19","guid":{"rendered":"http:\/\/www.cliniquemamao.pf\/?page_id=13"},"modified":"2015-11-17T05:34:19","modified_gmt":"2015-11-17T04:34:19","slug":"organisation","status":"publish","type":"page","link":"https:\/\/www.cliniquemamao.pf\/?page_id=13","title":{"rendered":"Organisation"},"content":{"rendered":"<p>La Clinique ambulatoire \u00a0poss\u00e8de un plateau technique complet et adapt\u00e9 aux sp\u00e9cialit\u00e9s m\u00e9dicales modernes.<\/p>\n<p>Le bloc op\u00e9ratoire\u00a0:\u00a0pour des interventions orthop\u00e9diques et g\u00e9n\u00e9rales.<\/p>\n<p>Une salle de surveillance post-interventionnelle : \u00e9quip\u00e9e de lits monitor\u00e9s, encadr\u00e9s par une \u00e9quipe soignante de 4 IDE.<\/p>\n<p>La salle de convivialit\u00e9\u00a0: o\u00f9 vous sera servi un rafra\u00eechissement apr\u00e8s l\u2019intervention, cette salle est dot\u00e9e de coffres individuels pour vos effets de valeur.<\/p>\n<p>Une salle de soins et de pansements.<\/p>\n<p>Une pharmacie \u00e0 usage interne g\u00e9r\u00e9e par le pharmacien de l\u2019\u00e9tablissement, permettant de s\u00e9curiser le circuit du m\u00e9dicament et d\u2019assurer la qualit\u00e9 de votre prise en charge, tous les jours du lundi au vendredi.<\/p>\n<p>Une st\u00e9rilisation centrale.<\/p>\n<p>Diagnostic et imagerie m\u00e9dicale\u00a0:\u00a0Radiologie conventionnelle, Echographie.<\/p>\n<p>Centre de r\u00e9\u00e9ducation \/ Kin\u00e9sith\u00e9rapie\u00a0:\u00a0Ces deux services permettent d\u2019accueillir des patients hospitalis\u00e9s et externes.<\/p>\n","protected":false},"excerpt":{"rendered":"<p>La Clinique ambulatoire \u00a0poss\u00e8de un plateau technique complet et adapt\u00e9 aux sp\u00e9cialit\u00e9s m\u00e9dicales modernes. Le bloc op\u00e9ratoire\u00a0:\u00a0pour des interventions orthop\u00e9diques et g\u00e9n\u00e9rales. Une salle de surveillance post-interventionnelle : \u00e9quip\u00e9e de lits monitor\u00e9s, encadr\u00e9s par une \u00e9quipe soignante de 4 IDE. La salle de convivialit\u00e9\u00a0: o\u00f9 vous sera servi un rafra\u00eechissement apr\u00e8s l\u2019intervention, cette salle est &hellip; <a href=\"https:\/\/www.cliniquemamao.pf\/?page_id=13\" class=\"more-link\">Continuer la lecture<span class=\"screen-reader-text\"> de <span class=\"screen-reader-text\">Organisation<\/span><\/span>&nbsp;<span class=\"meta-nav\">&rarr;<\/span><\/a><\/p>\n","protected":false},"author":1,"featured_media":0,"parent":0,"menu_order":0,"comment_status":"closed","ping_status":"closed","template":"","meta":{"footnotes":""},"class_list":["post-13","page","type-page","status-publish","hentry"],"_links":{"self":[{"href":"https:\/\/www.cliniquemamao.pf\/index.php?rest_route=\/wp\/v2\/pages\/13","targetHints":{"allow":["GET"]}}],"collection":[{"href":"https:\/\/www.cliniquemamao.pf\/index.php?rest_route=\/wp\/v2\/pages"}],"about":[{"href":"https:\/\/www.cliniquemamao.pf\/index.php?rest_route=\/wp\/v2\/types\/page"}],"author":[{"embeddable":true,"href":"https:\/\/www.cliniquemamao.pf\/index.php?rest_route=\/wp\/v2\/users\/1"}],"replies":[{"embeddable":true,"href":"https:\/\/www.cliniquemamao.pf\/index.php?rest_route=%2Fwp%2Fv2%2Fcomments&post=13"}],"version-history":[{"count":1,"href":"https:\/\/www.cliniquemamao.pf\/index.php?rest_route=\/wp\/v2\/pages\/13\/revisions"}],"predecessor-version":[{"id":14,"href":"https:\/\/www.cliniquemamao.pf\/index.php?rest_route=\/wp\/v2\/pages\/13\/revisions\/14"}],"wp:attachment":[{"href":"https:\/\/www.cliniquemamao.pf\/index.php?rest_route=%2Fwp%2Fv2%2Fmedia&parent=13"}],"curies":[{"name":"wp","href":"https:\/\/api.w.org\/{rel}","templated":true}]}}