{"id":41,"date":"2015-11-17T05:40:52","date_gmt":"2015-11-17T04:40:52","guid":{"rendered":"http:\/\/www.cliniquemamao.pf\/?page_id=41"},"modified":"2015-11-17T05:40:53","modified_gmt":"2015-11-17T04:40:53","slug":"la-prise-de-rendez-vous","status":"publish","type":"page","link":"http:\/\/www.cliniquemamao.pf\/?page_id=41","title":{"rendered":"La prise de rendez-vous"},"content":{"rendered":"<p>Pour prendre rendez-vous pour une consultation \u00e0 la clinique, vous pouvez appeler le secr\u00e9tariat du service du m\u00e9decin que vous souhaitez rencontrer ou\u00a0 qui vous a \u00e9t\u00e9 recommand\u00e9.<\/p>\n<p>La secr\u00e9taire est susceptible de vous demander vos coordonn\u00e9es pour vous pr\u00e9venir en cas de changement. La plupart du temps, elle vous demandera \u00e9galement d\u2019apporter certains documents, dont une lettre de recommandation de votre m\u00e9decin traitant.<\/p>\n<p>De m\u00eame, si vous avez un emp\u00eachement ou si vous \u00eates dans l\u2019impossibilit\u00e9 de venir pour ce rendez-vous, pensez \u00e0 pr\u00e9venir le secr\u00e9tariat \u00e0 l\u2019avance.<\/p>\n","protected":false},"excerpt":{"rendered":"<p>Pour prendre rendez-vous pour une consultation \u00e0 la clinique, vous pouvez appeler le secr\u00e9tariat du service du m\u00e9decin que vous souhaitez rencontrer ou\u00a0 qui vous a \u00e9t\u00e9 recommand\u00e9. La secr\u00e9taire est susceptible de vous demander vos coordonn\u00e9es pour vous pr\u00e9venir en cas de changement. La plupart du temps, elle vous demandera \u00e9galement d\u2019apporter certains documents, &hellip; <a href=\"http:\/\/www.cliniquemamao.pf\/?page_id=41\" class=\"more-link\">Continuer la lecture<span class=\"screen-reader-text\"> de <span class=\"screen-reader-text\">La prise de rendez-vous<\/span><\/span>&nbsp;<span class=\"meta-nav\">&rarr;<\/span><\/a><\/p>\n","protected":false},"author":1,"featured_media":0,"parent":0,"menu_order":0,"comment_status":"closed","ping_status":"closed","template":"","meta":{"footnotes":""},"class_list":["post-41","page","type-page","status-publish","hentry"],"_links":{"self":[{"href":"http:\/\/www.cliniquemamao.pf\/index.php?rest_route=\/wp\/v2\/pages\/41","targetHints":{"allow":["GET"]}}],"collection":[{"href":"http:\/\/www.cliniquemamao.pf\/index.php?rest_route=\/wp\/v2\/pages"}],"about":[{"href":"http:\/\/www.cliniquemamao.pf\/index.php?rest_route=\/wp\/v2\/types\/page"}],"author":[{"embeddable":true,"href":"http:\/\/www.cliniquemamao.pf\/index.php?rest_route=\/wp\/v2\/users\/1"}],"replies":[{"embeddable":true,"href":"http:\/\/www.cliniquemamao.pf\/index.php?rest_route=%2Fwp%2Fv2%2Fcomments&post=41"}],"version-history":[{"count":1,"href":"http:\/\/www.cliniquemamao.pf\/index.php?rest_route=\/wp\/v2\/pages\/41\/revisions"}],"predecessor-version":[{"id":42,"href":"http:\/\/www.cliniquemamao.pf\/index.php?rest_route=\/wp\/v2\/pages\/41\/revisions\/42"}],"wp:attachment":[{"href":"http:\/\/www.cliniquemamao.pf\/index.php?rest_route=%2Fwp%2Fv2%2Fmedia&parent=41"}],"curies":[{"name":"wp","href":"https:\/\/api.w.org\/{rel}","templated":true}]}}