{"id":19,"date":"2015-11-17T05:35:30","date_gmt":"2015-11-17T04:35:30","guid":{"rendered":"http:\/\/www.cliniquemamao.pf\/?page_id=19"},"modified":"2018-02-10T15:26:14","modified_gmt":"2018-02-11T01:26:14","slug":"informatique-et-libertes","status":"publish","type":"page","link":"http:\/\/www.cliniquemamao.pf\/?page_id=19","title":{"rendered":"Informatique et Libert\u00e9s"},"content":{"rendered":"<p>La gestion des dossiers administratifs et m\u00e9dicaux est informatis\u00e9e dans le strict respect du secret m\u00e9dical et conform\u00e9ment aux dispositions de la CNIL (Commission Nationale Informatique et Libert\u00e9s). Administration et d\u00e9veloppement sous syst\u00e8mes SQL, notre syst\u00e8me d\u2019exploitation est\u00a0: H\u00e9lo\u00efse.<\/p>\n","protected":false},"excerpt":{"rendered":"<p>La gestion des dossiers administratifs et m\u00e9dicaux est informatis\u00e9e dans le strict respect du secret m\u00e9dical et conform\u00e9ment aux dispositions de la CNIL (Commission Nationale Informatique et Libert\u00e9s). Administration et d\u00e9veloppement sous syst\u00e8mes SQL, notre syst\u00e8me d\u2019exploitation est\u00a0: H\u00e9lo\u00efse.<\/p>\n","protected":false},"author":1,"featured_media":0,"parent":0,"menu_order":0,"comment_status":"closed","ping_status":"closed","template":"","meta":{"footnotes":""},"class_list":["post-19","page","type-page","status-publish","hentry"],"_links":{"self":[{"href":"http:\/\/www.cliniquemamao.pf\/index.php?rest_route=\/wp\/v2\/pages\/19","targetHints":{"allow":["GET"]}}],"collection":[{"href":"http:\/\/www.cliniquemamao.pf\/index.php?rest_route=\/wp\/v2\/pages"}],"about":[{"href":"http:\/\/www.cliniquemamao.pf\/index.php?rest_route=\/wp\/v2\/types\/page"}],"author":[{"embeddable":true,"href":"http:\/\/www.cliniquemamao.pf\/index.php?rest_route=\/wp\/v2\/users\/1"}],"replies":[{"embeddable":true,"href":"http:\/\/www.cliniquemamao.pf\/index.php?rest_route=%2Fwp%2Fv2%2Fcomments&post=19"}],"version-history":[{"count":1,"href":"http:\/\/www.cliniquemamao.pf\/index.php?rest_route=\/wp\/v2\/pages\/19\/revisions"}],"predecessor-version":[{"id":20,"href":"http:\/\/www.cliniquemamao.pf\/index.php?rest_route=\/wp\/v2\/pages\/19\/revisions\/20"}],"wp:attachment":[{"href":"http:\/\/www.cliniquemamao.pf\/index.php?rest_route=%2Fwp%2Fv2%2Fmedia&parent=19"}],"curies":[{"name":"wp","href":"https:\/\/api.w.org\/{rel}","templated":true}]}}