{"id":186,"date":"2016-06-24T11:57:09","date_gmt":"2016-06-24T21:57:09","guid":{"rendered":"http:\/\/www.cliniquemamao.pf\/?page_id=186"},"modified":"2018-02-10T15:26:14","modified_gmt":"2018-02-11T01:26:14","slug":"dr-christian-soderlund","status":"publish","type":"page","link":"http:\/\/www.cliniquemamao.pf\/?page_id=186","title":{"rendered":"Dr Christian S\u00d6DERLUND"},"content":{"rendered":"<p><a href=\"http:\/\/www.cliniquemamao.pf\/wp-content\/uploads\/2016\/06\/DrSoderlund.png\"><img loading=\"lazy\" decoding=\"async\" class=\"alignnone size-medium wp-image-187\" src=\"http:\/\/www.cliniquemamao.pf\/wp-content\/uploads\/2016\/06\/DrSoderlund-231x300.png\" alt=\"DrSoderlund\" width=\"231\" height=\"300\" srcset=\"http:\/\/www.cliniquemamao.pf\/wp-content\/uploads\/2016\/06\/DrSoderlund-231x300.png 231w, http:\/\/www.cliniquemamao.pf\/wp-content\/uploads\/2016\/06\/DrSoderlund-768x999.png 768w, http:\/\/www.cliniquemamao.pf\/wp-content\/uploads\/2016\/06\/DrSoderlund-787x1024.png 787w, http:\/\/www.cliniquemamao.pf\/wp-content\/uploads\/2016\/06\/DrSoderlund.png 1038w\" sizes=\"auto, (max-width: 231px) 100vw, 231px\" \/><\/a><\/p>\n<p>&nbsp;<\/p>\n<p>Ancien interne des H\u00f4pitaux de BORDEAUX<\/p>\n<p>Ancien Chef de clinique \u00e0 la facult\u00e9 de m\u00e9decine de BORDEAUX<\/p>\n<p>Ancien Assistant des H\u00f4pitaux de BORDEAUX<\/p>\n<p><strong>Chirurgie Orthop\u00e9dique et Traumatologique<\/strong><\/p>\n<p><strong>\u00a0Chirurgie de la Colonne Vert\u00e9brale<\/strong><\/p>\n<p>Membre de la Soci\u00e9t\u00e9 Fran\u00e7aise de Chirurgie Rachidienne<\/p>\n<p>Membre du Groupe d\u2019Etude de la Scoliose<\/p>\n<p>DIU d\u2019aptitude \u00e0 l\u2019expertise m\u00e9dicale<\/p>\n<p>Expert pr\u00e8s de la Cour de Papeete<\/p>\n","protected":false},"excerpt":{"rendered":"<p>&nbsp; Ancien interne des H\u00f4pitaux de BORDEAUX Ancien Chef de clinique \u00e0 la facult\u00e9 de m\u00e9decine de BORDEAUX Ancien Assistant des H\u00f4pitaux de BORDEAUX Chirurgie Orthop\u00e9dique et Traumatologique \u00a0Chirurgie de la Colonne Vert\u00e9brale Membre de la Soci\u00e9t\u00e9 Fran\u00e7aise de Chirurgie Rachidienne Membre du Groupe d\u2019Etude de la Scoliose DIU d\u2019aptitude \u00e0 l\u2019expertise m\u00e9dicale Expert pr\u00e8s &hellip; <a href=\"http:\/\/www.cliniquemamao.pf\/?page_id=186\" class=\"more-link\">Continuer la lecture<span class=\"screen-reader-text\"> de <span class=\"screen-reader-text\">Dr Christian S\u00d6DERLUND<\/span><\/span>&nbsp;<span class=\"meta-nav\">&rarr;<\/span><\/a><\/p>\n","protected":false},"author":1,"featured_media":0,"parent":0,"menu_order":0,"comment_status":"closed","ping_status":"closed","template":"","meta":{"footnotes":""},"class_list":["post-186","page","type-page","status-publish","hentry"],"_links":{"self":[{"href":"http:\/\/www.cliniquemamao.pf\/index.php?rest_route=\/wp\/v2\/pages\/186","targetHints":{"allow":["GET"]}}],"collection":[{"href":"http:\/\/www.cliniquemamao.pf\/index.php?rest_route=\/wp\/v2\/pages"}],"about":[{"href":"http:\/\/www.cliniquemamao.pf\/index.php?rest_route=\/wp\/v2\/types\/page"}],"author":[{"embeddable":true,"href":"http:\/\/www.cliniquemamao.pf\/index.php?rest_route=\/wp\/v2\/users\/1"}],"replies":[{"embeddable":true,"href":"http:\/\/www.cliniquemamao.pf\/index.php?rest_route=%2Fwp%2Fv2%2Fcomments&post=186"}],"version-history":[{"count":1,"href":"http:\/\/www.cliniquemamao.pf\/index.php?rest_route=\/wp\/v2\/pages\/186\/revisions"}],"predecessor-version":[{"id":189,"href":"http:\/\/www.cliniquemamao.pf\/index.php?rest_route=\/wp\/v2\/pages\/186\/revisions\/189"}],"wp:attachment":[{"href":"http:\/\/www.cliniquemamao.pf\/index.php?rest_route=%2Fwp%2Fv2%2Fmedia&parent=186"}],"curies":[{"name":"wp","href":"https:\/\/api.w.org\/{rel}","templated":true}]}}