{"id":116,"date":"2015-11-19T08:39:06","date_gmt":"2015-11-19T07:39:06","guid":{"rendered":"http:\/\/www.cliniquemamao.pf\/?page_id=116"},"modified":"2018-02-10T15:26:14","modified_gmt":"2018-02-11T01:26:14","slug":"dr-charles-belli","status":"publish","type":"page","link":"http:\/\/www.cliniquemamao.pf\/?page_id=116","title":{"rendered":"Dr Charles BELLI"},"content":{"rendered":"<p><a href=\"http:\/\/www.cliniquemamao.pf\/wp-content\/uploads\/2015\/11\/Dr-BELLI.jpg\"><img loading=\"lazy\" decoding=\"async\" class=\"alignnone size-medium wp-image-153\" src=\"http:\/\/www.cliniquemamao.pf\/wp-content\/uploads\/2015\/11\/Dr-BELLI-229x300.jpg\" alt=\"Dr BELLI\" width=\"229\" height=\"300\" srcset=\"http:\/\/www.cliniquemamao.pf\/wp-content\/uploads\/2015\/11\/Dr-BELLI-229x300.jpg 229w, http:\/\/www.cliniquemamao.pf\/wp-content\/uploads\/2015\/11\/Dr-BELLI.jpg 451w\" sizes=\"auto, (max-width: 229px) 100vw, 229px\" \/><\/a><\/p>\n<p>Ancien chef de clinique du CHU de Strasbourg<\/p>\n<p>M\u00e9daill\u00e9 du coll\u00e8ge\u00a0 des chirurgiens orthop\u00e9diques fran\u00e7ais<br \/>\nMembre Titulaire\u00a0 de la soci\u00e9t\u00e9 fran\u00e7aise d\u2019arthroscopie<br \/>\nAffiliate member of the AAOS<br \/>\nAuditeur IHEDN<\/p>\n<p>T\u00e9l:\u00a040.50.71.10<\/p>\n","protected":false},"excerpt":{"rendered":"<p>Ancien chef de clinique du CHU de Strasbourg M\u00e9daill\u00e9 du coll\u00e8ge\u00a0 des chirurgiens orthop\u00e9diques fran\u00e7ais Membre Titulaire\u00a0 de la soci\u00e9t\u00e9 fran\u00e7aise d\u2019arthroscopie Affiliate member of the AAOS Auditeur IHEDN T\u00e9l:\u00a040.50.71.10<\/p>\n","protected":false},"author":1,"featured_media":0,"parent":0,"menu_order":0,"comment_status":"closed","ping_status":"closed","template":"","meta":{"footnotes":""},"class_list":["post-116","page","type-page","status-publish","hentry"],"_links":{"self":[{"href":"http:\/\/www.cliniquemamao.pf\/index.php?rest_route=\/wp\/v2\/pages\/116","targetHints":{"allow":["GET"]}}],"collection":[{"href":"http:\/\/www.cliniquemamao.pf\/index.php?rest_route=\/wp\/v2\/pages"}],"about":[{"href":"http:\/\/www.cliniquemamao.pf\/index.php?rest_route=\/wp\/v2\/types\/page"}],"author":[{"embeddable":true,"href":"http:\/\/www.cliniquemamao.pf\/index.php?rest_route=\/wp\/v2\/users\/1"}],"replies":[{"embeddable":true,"href":"http:\/\/www.cliniquemamao.pf\/index.php?rest_route=%2Fwp%2Fv2%2Fcomments&post=116"}],"version-history":[{"count":2,"href":"http:\/\/www.cliniquemamao.pf\/index.php?rest_route=\/wp\/v2\/pages\/116\/revisions"}],"predecessor-version":[{"id":154,"href":"http:\/\/www.cliniquemamao.pf\/index.php?rest_route=\/wp\/v2\/pages\/116\/revisions\/154"}],"wp:attachment":[{"href":"http:\/\/www.cliniquemamao.pf\/index.php?rest_route=%2Fwp%2Fv2%2Fmedia&parent=116"}],"curies":[{"name":"wp","href":"https:\/\/api.w.org\/{rel}","templated":true}]}}